{"id":19,"date":"2020-08-14T08:53:05","date_gmt":"2020-08-14T11:53:05","guid":{"rendered":"http:\/\/sedesur.unsa.edu.ar\/?page_id=19"},"modified":"2026-03-03T16:26:30","modified_gmt":"2026-03-03T19:26:30","slug":"historia","status":"publish","type":"page","link":"https:\/\/sedesur.unsa.edu.ar\/index.php\/institucional\/historia\/","title":{"rendered":"Historia"},"content":{"rendered":"\t\t<div data-elementor-type=\"wp-page\" data-elementor-id=\"19\" class=\"elementor elementor-19\">\n\t\t\t\t\t\t<section class=\"elementor-section elementor-top-section elementor-element elementor-element-56b4725 elementor-section-boxed elementor-section-height-default elementor-section-height-default\" data-id=\"56b4725\" data-element_type=\"section\" data-e-type=\"section\">\n\t\t\t\t\t\t<div class=\"elementor-container elementor-column-gap-default\">\n\t\t\t\t\t<div class=\"elementor-column elementor-col-100 elementor-top-column elementor-element elementor-element-74e82b6\" data-id=\"74e82b6\" data-element_type=\"column\" data-e-type=\"column\">\n\t\t\t<div class=\"elementor-widget-wrap elementor-element-populated\">\n\t\t\t\t\t\t<div class=\"elementor-element elementor-element-d4c68be elementor-arrows-position-inside elementor-pagination-position-outside elementor-widget elementor-widget-image-carousel\" data-id=\"d4c68be\" data-element_type=\"widget\" data-e-type=\"widget\" data-settings=\"{&quot;image_spacing_custom&quot;:{&quot;unit&quot;:&quot;px&quot;,&quot;size&quot;:11,&quot;sizes&quot;:[]},&quot;navigation&quot;:&quot;both&quot;,&quot;autoplay&quot;:&quot;yes&quot;,&quot;pause_on_hover&quot;:&quot;yes&quot;,&quot;pause_on_interaction&quot;:&quot;yes&quot;,&quot;autoplay_speed&quot;:5000,&quot;infinite&quot;:&quot;yes&quot;,&quot;speed&quot;:500,&quot;image_spacing_custom_tablet&quot;:{&quot;unit&quot;:&quot;px&quot;,&quot;size&quot;:&quot;&quot;,&quot;sizes&quot;:[]},&quot;image_spacing_custom_mobile&quot;:{&quot;unit&quot;:&quot;px&quot;,&quot;size&quot;:&quot;&quot;,&quot;sizes&quot;:[]}}\" data-widget_type=\"image-carousel.default\">\n\t\t\t\t<div class=\"elementor-widget-container\">\n\t\t\t\t\t\t\t<div class=\"elementor-image-carousel-wrapper swiper\" role=\"region\" aria-roledescription=\"carousel\" aria-label=\"Carrusel de im\u00e1genes\" dir=\"ltr\">\n\t\t\t<div class=\"elementor-image-carousel swiper-wrapper\" aria-live=\"off\">\n\t\t\t\t\t\t\t\t<div class=\"swiper-slide\" role=\"group\" aria-roledescription=\"slide\" aria-label=\"1 of 6\"><figure class=\"swiper-slide-inner\"><img decoding=\"async\" class=\"swiper-slide-image\" src=\"https:\/\/sedesur.unsa.edu.ar\/wp-content\/uploads\/2020\/08\/IMG_20170607_102723-300x225.jpg\" alt=\"IMG_20170607_102723\" \/><\/figure><\/div><div class=\"swiper-slide\" role=\"group\" aria-roledescription=\"slide\" aria-label=\"2 of 6\"><figure class=\"swiper-slide-inner\"><img decoding=\"async\" class=\"swiper-slide-image\" src=\"https:\/\/sedesur.unsa.edu.ar\/wp-content\/uploads\/2020\/08\/20190828_094235-300x225.jpg\" alt=\"20190828_094235\" \/><\/figure><\/div><div class=\"swiper-slide\" role=\"group\" aria-roledescription=\"slide\" aria-label=\"3 of 6\"><figure class=\"swiper-slide-inner\"><img decoding=\"async\" class=\"swiper-slide-image\" src=\"https:\/\/sedesur.unsa.edu.ar\/wp-content\/uploads\/2020\/08\/IMG_20170607_103823-300x225.jpg\" alt=\"IMG_20170607_103823\" \/><\/figure><\/div><div class=\"swiper-slide\" role=\"group\" aria-roledescription=\"slide\" aria-label=\"4 of 6\"><figure class=\"swiper-slide-inner\"><img decoding=\"async\" class=\"swiper-slide-image\" src=\"https:\/\/sedesur.unsa.edu.ar\/wp-content\/uploads\/2020\/08\/20180308_110954-300x225.jpg\" alt=\"20180308_110954\" \/><\/figure><\/div><div class=\"swiper-slide\" role=\"group\" aria-roledescription=\"slide\" aria-label=\"5 of 6\"><figure class=\"swiper-slide-inner\"><img decoding=\"async\" class=\"swiper-slide-image\" src=\"https:\/\/sedesur.unsa.edu.ar\/wp-content\/uploads\/2020\/08\/IMG_20170607_102256-300x225.jpg\" alt=\"IMG_20170607_102256\" \/><\/figure><\/div><div class=\"swiper-slide\" role=\"group\" aria-roledescription=\"slide\" aria-label=\"6 of 6\"><figure class=\"swiper-slide-inner\"><img decoding=\"async\" class=\"swiper-slide-image\" src=\"https:\/\/sedesur.unsa.edu.ar\/wp-content\/uploads\/2020\/08\/IMG_20170607_095650-300x225.jpg\" alt=\"IMG_20170607_095650\" \/><\/figure><\/div>\t\t\t<\/div>\n\t\t\t\t\t\t\t\t\t\t\t\t<div class=\"elementor-swiper-button elementor-swiper-button-prev\" role=\"button\" tabindex=\"0\">\n\t\t\t\t\t\t<i aria-hidden=\"true\" class=\"eicon-chevron-left\"><\/i>\t\t\t\t\t<\/div>\n\t\t\t\t\t<div class=\"elementor-swiper-button elementor-swiper-button-next\" role=\"button\" tabindex=\"0\">\n\t\t\t\t\t\t<i aria-hidden=\"true\" class=\"eicon-chevron-right\"><\/i>\t\t\t\t\t<\/div>\n\t\t\t\t\n\t\t\t\t\t\t\t\t\t<div class=\"swiper-pagination\"><\/div>\n\t\t\t\t\t\t\t\t\t<\/div>\n\t\t\t\t\t\t<\/div>\n\t\t\t\t<\/div>\n\t\t\t\t\t<\/div>\n\t\t<\/div>\n\t\t\t\t\t<\/div>\n\t\t<\/section>\n\t\t\t\t<section class=\"elementor-section elementor-top-section elementor-element elementor-element-26b0fa83 elementor-section-boxed elementor-section-height-default elementor-section-height-default\" data-id=\"26b0fa83\" data-element_type=\"section\" data-e-type=\"section\">\n\t\t\t\t\t\t<div class=\"elementor-container elementor-column-gap-default\">\n\t\t\t\t\t<div class=\"elementor-column elementor-col-100 elementor-top-column elementor-element elementor-element-2eefbdab\" data-id=\"2eefbdab\" data-element_type=\"column\" data-e-type=\"column\">\n\t\t\t<div class=\"elementor-widget-wrap elementor-element-populated\">\n\t\t\t\t\t\t<div class=\"elementor-element elementor-element-6ef185b1 elementor-widget elementor-widget-text-editor\" data-id=\"6ef185b1\" data-element_type=\"widget\" data-e-type=\"widget\" data-widget_type=\"text-editor.default\">\n\t\t\t\t<div class=\"elementor-widget-container\">\n\t\t\t\t\t\t\t\t\t<p><\/p>\n<p>El 26 de marzo de 1973, por&nbsp;<a href=\"http:\/\/bo.unsa.edu.ar\/dr\/R1974\/R-DR-1974-0900.pdf\" target=\"_blank\" rel=\"noreferrer noopener\">Resoluci\u00f3n Rectoral 091\/73<\/a>, y obedeciendo a sus principios fundamentales de ampliar la cobertura geogr\u00e1fica de la Educaci\u00f3n Superior, la Universidad Nacional de Salta estableci\u00f3 la creaci\u00f3n de sus Sedes Regionales Or\u00e1n,&nbsp;Tartagal&nbsp;y Met\u00e1n &#8211; Rosario de la Frontera, previ\u00e9ndose el inicio de funcionamiento de esta \u00faltima para el a\u00f1o 1974, y fij\u00e1ndose por&nbsp;<a href=\"http:\/\/bo.unsa.edu.ar\/dr\/R1974\/R-DR-1974-0900.pdf\" target=\"_blank\" rel=\"noreferrer noopener\">Resoluci\u00f3n Rectoral 900\/74<\/a>&nbsp;la ciudad de Met\u00e1n como asiento de su Direcci\u00f3n. Mientras que las Sedes Or\u00e1n y&nbsp;Tartagal&nbsp;concretaron sus respectivas puestas en marcha, circunstancias de diversa \u00edndole impidieron el inicio de actividades en la Sede Met\u00e1n &#8211; Rosario de la Frontera, lo que motiv\u00f3 que, durante varios a\u00f1os, las poblaciones de estas localidades, a trav\u00e9s de sus gobiernos municipales, representantes legislativos, organizaciones sociales y fuerzas vivas en general, realizaran numerosas gestiones ante las autoridades universitarias para concretar la apertura de esa delegaci\u00f3n.<\/p><p><br><\/p>\n<p><\/p>\n<p><\/p>\n<p>Como medida de acci\u00f3n directa ante esas demandas, la administraci\u00f3n encabezada por el Sr. Rector de la&nbsp;U.N.Sa., C.P.N. V\u00edctor Hugo Claros, se aboc\u00f3 a la formulaci\u00f3n del proyecto&nbsp;<em>&#8220;Inicio de las Actividades Acad\u00e9micas en la Sede Sur Met\u00e1n &#8211; Rosario de la Frontera mediante el desarrollo de las carreras Ingenier\u00eda Agron\u00f3mica, Licenciatura en Administraci\u00f3n, Profesorado en Matem\u00e1tica, Tecnicatura Electr\u00f3nica Universitaria y Tecnicatura Universitaria en Tecnolog\u00eda de Alimentos&#8221;<\/em>, el cual&nbsp;fue aprobado por el Consejo Superior mediante Resoluci\u00f3n 574\/10 de fecha 3 de diciembre de 2010, y fij\u00f3 las bases para la puesta en marcha de la Sede Regional Met\u00e1n &#8211; Rosario de la Frontera,&nbsp;con la participaci\u00f3n de diversos actores. Tambi\u00e9n en diciembre de 2010 se procedi\u00f3 a la firma de diferentes convenios entre la Universidad y los distintos entes que habr\u00edan de ayudarla en la concreci\u00f3n del anhelo: la Secretar\u00eda de Pol\u00edticas Universitarias (dependiente del Ministerio de Educaci\u00f3n de la Naci\u00f3n), el Gobierno de la Provincia de Salta,&nbsp;las Municipalidades de San Jos\u00e9 de Met\u00e1n y de Rosario de la Frontera, la Congregaci\u00f3n de&nbsp;San Jos\u00e9 (Josefinos de&nbsp;Murialdo) y la Escuela de Educaci\u00f3n T\u00e9cnica N\u00ba 3129 &#8211; E.M.E.T.A. I de Met\u00e1n Viejo (dependiente del Ministerio de Educaci\u00f3n de la Provincia de Salta).<\/p>\n<p><\/p>\n<p><\/p>\n<p>Como resultado de esa actuaci\u00f3n, el 4 de marzo de 2011 se procedi\u00f3 a la inauguraci\u00f3n de la Sede Regional Met\u00e1n &#8211; Rosario de la Frontera.<\/p>\n<p><\/p>\t\t\t\t\t\t\t\t<\/div>\n\t\t\t\t<\/div>\n\t\t\t\t<div class=\"elementor-element elementor-element-5f3f78b elementor-widget elementor-widget-heading\" data-id=\"5f3f78b\" data-element_type=\"widget\" data-e-type=\"widget\" data-widget_type=\"heading.default\">\n\t\t\t\t<div class=\"elementor-widget-container\">\n\t\t\t\t\t<h2 class=\"elementor-heading-title elementor-size-default\">Actualidad<\/h2>\t\t\t\t<\/div>\n\t\t\t\t<\/div>\n\t\t\t\t\t<\/div>\n\t\t<\/div>\n\t\t\t\t\t<\/div>\n\t\t<\/section>\n\t\t\t\t<section class=\"elementor-section elementor-top-section elementor-element elementor-element-e9e8729 elementor-section-boxed elementor-section-height-default elementor-section-height-default\" data-id=\"e9e8729\" data-element_type=\"section\" data-e-type=\"section\">\n\t\t\t\t\t\t<div class=\"elementor-container elementor-column-gap-default\">\n\t\t\t\t\t<div class=\"elementor-column elementor-col-100 elementor-top-column elementor-element elementor-element-0f78077\" data-id=\"0f78077\" data-element_type=\"column\" data-e-type=\"column\">\n\t\t\t<div class=\"elementor-widget-wrap elementor-element-populated\">\n\t\t\t\t\t\t<div class=\"elementor-element elementor-element-199e29f elementor-widget elementor-widget-text-editor\" data-id=\"199e29f\" data-element_type=\"widget\" data-e-type=\"widget\" data-widget_type=\"text-editor.default\">\n\t\t\t\t<div class=\"elementor-widget-container\">\n\t\t\t\t\t\t\t\t\t<p>La Sede Regional Sur de la Universidad Nacional de Salta desarrolla actualmente sus actividades acad\u00e9micas en las ciudades de San Jos\u00e9 de Met\u00e1n y Rosario de la Frontera, extendiendo adem\u00e1s su presencia territorial a trav\u00e9s de la Extensi\u00f3n \u00c1ulica en Joaqu\u00edn V. Gonz\u00e1lez, en el departamento Anta, consolidando de este modo su cobertura regional y reafirmando su compromiso con el acceso a la educaci\u00f3n superior p\u00fablica en el sur provincial.<\/p>\n<p>En San Jos\u00e9 de Met\u00e1n, la Sede ocupa el edificio que funcionara anteriormente como Policl\u00ednico Ferroviario, inmueble que ha sido formalmente incorporado al patrimonio de la Universidad mediante la correspondiente escritura, consolidando definitivamente su pertenencia institucional. El edificio cuenta con aulas, laboratorio, sala docente y dependencias destinadas al funcionamiento acad\u00e9mico y administrativo, adecuadas a las necesidades de la comunidad universitaria. Asimismo, la Universidad mantiene la disponibilidad del predio de una hect\u00e1rea cedido oportunamente por la Municipalidad local, destinado al desarrollo de infraestructura complementaria, incluyendo proyectos de albergue estudiantil y espacios de uso comunitario.<\/p>\n<p>En Met\u00e1n Viejo contin\u00faan desarroll\u00e1ndose actividades acad\u00e9micas espec\u00edficas en instalaciones de la Escuela de Educaci\u00f3n T\u00e9cnica N.\u00ba 3129 \u2013 E.M.E.T.A. I, principalmente vinculadas a pr\u00e1cticas y asignaturas de la carrera de Ingenier\u00eda Agron\u00f3mica, fortaleciendo la articulaci\u00f3n con instituciones educativas del medio. La Municipalidad de San Jos\u00e9 de Met\u00e1n mantiene su acompa\u00f1amiento institucional en el marco del trabajo conjunto con la Universidad.<\/p>\n<p>En la ciudad de Rosario de la Frontera, la Sede cuenta actualmente con su edificio propio, construido en el predio de 3,5 hect\u00e1reas cedido por la Provincia de Salta en comodato con compromiso de donaci\u00f3n. La concreci\u00f3n de esta obra constituy\u00f3 un hito fundamental en la consolidaci\u00f3n institucional en esa ciudad, permitiendo el desarrollo pleno de las actividades acad\u00e9micas en instalaciones definitivas, adecuadas para el dictado de clases, tareas administrativas y actividades de extensi\u00f3n.<\/p>\n<p>Por su parte, la Extensi\u00f3n \u00c1ulica Joaqu\u00edn V. Gonz\u00e1lez funciona en instalaciones compartidas con el Colegio Secundario N\u00b0 5232 de dicha localidad. Este espacio descentralizado permite el desarrollo de actividades acad\u00e9micas y administrativas vinculadas a la Tecnicatura Universitaria en Sistemas Productivos Ganaderos, fortaleciendo la presencia territorial de la Universidad en el departamento Anta y su articulaci\u00f3n con las necesidades productivas y sociales de la regi\u00f3n.<\/p>\n<p>\u00a0<\/p>\n<p>\u00a0<\/p>\n<p>\u00a0<\/p>\t\t\t\t\t\t\t\t<\/div>\n\t\t\t\t<\/div>\n\t\t\t\t\t<\/div>\n\t\t<\/div>\n\t\t\t\t\t<\/div>\n\t\t<\/section>\n\t\t\t\t<section class=\"elementor-section elementor-top-section elementor-element elementor-element-99bf5db elementor-section-boxed elementor-section-height-default elementor-section-height-default\" data-id=\"99bf5db\" data-element_type=\"section\" data-e-type=\"section\">\n\t\t\t\t\t\t<div class=\"elementor-container elementor-column-gap-default\">\n\t\t\t\t\t<div class=\"elementor-column elementor-col-100 elementor-top-column elementor-element elementor-element-abcea19\" data-id=\"abcea19\" data-element_type=\"column\" data-e-type=\"column\">\n\t\t\t<div class=\"elementor-widget-wrap elementor-element-populated\">\n\t\t\t\t\t\t<section class=\"elementor-section elementor-inner-section elementor-element elementor-element-525e2c5 elementor-section-boxed elementor-section-height-default elementor-section-height-default\" data-id=\"525e2c5\" data-element_type=\"section\" data-e-type=\"section\">\n\t\t\t\t\t\t<div class=\"elementor-container elementor-column-gap-default\">\n\t\t\t\t\t<div class=\"elementor-column elementor-col-50 elementor-inner-column elementor-element elementor-element-d8927b3\" data-id=\"d8927b3\" data-element_type=\"column\" data-e-type=\"column\">\n\t\t\t<div class=\"elementor-widget-wrap\">\n\t\t\t\t\t\t\t<\/div>\n\t\t<\/div>\n\t\t\t\t<div class=\"elementor-column elementor-col-50 elementor-inner-column elementor-element elementor-element-b4f8f18\" data-id=\"b4f8f18\" data-element_type=\"column\" data-e-type=\"column\">\n\t\t\t<div class=\"elementor-widget-wrap\">\n\t\t\t\t\t\t\t<\/div>\n\t\t<\/div>\n\t\t\t\t\t<\/div>\n\t\t<\/section>\n\t\t\t\t\t<\/div>\n\t\t<\/div>\n\t\t\t\t\t<\/div>\n\t\t<\/section>\n\t\t\t\t<\/div>\n\t\t","protected":false},"excerpt":{"rendered":"<p>El 26 de marzo de 1973, por&nbsp;Resoluci\u00f3n Rectoral 091\/73, y obedeciendo a sus principios fundamentales de ampliar la cobertura geogr\u00e1fica de la Educaci\u00f3n Superior, la Universidad Nacional de Salta estableci\u00f3 la creaci\u00f3n de sus Sedes Regionales Or\u00e1n,&nbsp;Tartagal&nbsp;y Met\u00e1n &#8211; Rosario <a href=\"https:\/\/sedesur.unsa.edu.ar\/index.php\/institucional\/historia\/\" class=\"read-more\">Leer mas &#8230;<\/a><\/p>\n","protected":false},"author":1,"featured_media":0,"parent":9,"menu_order":0,"comment_status":"closed","ping_status":"closed","template":"","meta":{"footnotes":""},"class_list":["post-19","page","type-page","status-publish","hentry"],"_links":{"self":[{"href":"https:\/\/sedesur.unsa.edu.ar\/index.php\/wp-json\/wp\/v2\/pages\/19","targetHints":{"allow":["GET"]}}],"collection":[{"href":"https:\/\/sedesur.unsa.edu.ar\/index.php\/wp-json\/wp\/v2\/pages"}],"about":[{"href":"https:\/\/sedesur.unsa.edu.ar\/index.php\/wp-json\/wp\/v2\/types\/page"}],"author":[{"embeddable":true,"href":"https:\/\/sedesur.unsa.edu.ar\/index.php\/wp-json\/wp\/v2\/users\/1"}],"replies":[{"embeddable":true,"href":"https:\/\/sedesur.unsa.edu.ar\/index.php\/wp-json\/wp\/v2\/comments?post=19"}],"version-history":[{"count":16,"href":"https:\/\/sedesur.unsa.edu.ar\/index.php\/wp-json\/wp\/v2\/pages\/19\/revisions"}],"predecessor-version":[{"id":6384,"href":"https:\/\/sedesur.unsa.edu.ar\/index.php\/wp-json\/wp\/v2\/pages\/19\/revisions\/6384"}],"up":[{"embeddable":true,"href":"https:\/\/sedesur.unsa.edu.ar\/index.php\/wp-json\/wp\/v2\/pages\/9"}],"wp:attachment":[{"href":"https:\/\/sedesur.unsa.edu.ar\/index.php\/wp-json\/wp\/v2\/media?parent=19"}],"curies":[{"name":"wp","href":"https:\/\/api.w.org\/{rel}","templated":true}]}}